- 6*h - 17. Let t be f(-8). What is the greatest common divisor of t and 210?
42
Let g(s) = 4*s + 4. Let v be g(1). What is the highest common divisor of 248 and v?
8
Suppose -212 = -4*w - 5*f, -5*w - 9*f = -6*f - 252. Calculate the highest common factor of 60 and w.
12
Let z be (((-384)/15)/1)/((-19)/95). Calculate the greatest common factor of z and 1056.
32
Suppose 15*g = 33*g - 66924. What is the greatest common factor of g and 26?
26
Let n be 9 + -4 + 5 + -2. Suppose -2*d + n = -d. Calculate the greatest common factor of 24 and d.
8
Suppose c - 51 = -5*m, -3*c + 17 + 152 = -m. Let o = -1 - -8. Calculate the highest common divisor of c and o.
7
Suppose 0 = -4*s - l + 209, s - 6*l = -4*l + 50. Calculate the greatest common factor of s and 16.
4
Suppose 17*w - 70 = -4*r + 19*w, 0 = 4*r + 5*w - 77. Suppose -8*v = -4*x - 3*v + 576, 720 = 5*x - 4*v. Calculate the greatest common factor of r and x.
18
Let i be 60 + (4 - 5) + 0 + -2. Calculate the greatest common divisor of 19 and i.
19
Let j = -36 + 29. Let b be 70/15*(-6)/j. Calculate the highest common divisor of 32 and b.
4
Let f(x) be the first derivative of 2*x**3/3 + 4*x**2 - x - 9. Let l be f(-6). Suppose 119 = w + l. What is the highest common divisor of 12 and w?
12
Suppose 80*k - 2331 = 71*k. Calculate the highest common divisor of k and 7.
7
Let n(w) = 3*w**2 - 4*w + 4. Let x be n(-4). Suppose -o + 81 = 3*y + 2*o, 87 = 3*y - 3*o. Let v = 45 - y. What is the highest common divisor of v and x?
17
Let q be 3/(-9) + (-48)/18 - -13. Let t = -20 - -30. What is the highest common divisor of q and t?
10
Let p(z) = 3*z**2 - 2*z + 1. Let q be p(1). Calculate the greatest common factor of q and 14.
2
Suppose 0 = -21*d + 29*d - 64. Suppose 4 = k + k, -3*k = -5*z + 14. Calculate the greatest common divisor of d and z.
4
Suppose -18*t = -17*t + 6. Let j = t + 7. What is the greatest common divisor of j and 13?
1
Suppose 9*i = 3*i - 570. Let b = i - -106. What is the highest common factor of 11 and b?
11
Let f be 41 + (-3)/2*2. Suppose -35*d + 36*d = r + 36, 0 = -2*d - r + 78. What is the highest common divisor of d and f?
38
Let u be 0 - 1/(2/(-4)). Suppose -5*w + 75 = -5*a, 5*a - 13 = 2. Let q be (78/w)/(u/12). What is the highest common factor of 13 and q?
13
Let w(p) = p + 4. Let x be w(-2). Let g = 221 + -205. What is the highest common factor of x and g?
2
Suppose 0 = -5*m - 2*v + 8 + 3, m = v + 5. Suppose 25 = m*h - 143. Let r = 12 - 4. What is the highest common factor of h and r?
8
Suppose 4*j = 4, j + 14 = 3*h + 6*j. Suppose -3*g = -b + 2, 0 = -2*b - h*b + 5*g + 30. Calculate the greatest common factor of b and 8.
8
Suppose 0 = 2*k + 3*c - 294, -3*c - 75 - 72 = -k. Calculate the greatest common divisor of 392 and k.
49
Suppose 4*v - l = 31, 2*v + l + 7 = 3*v. Calculate the highest common divisor of v and 536.
8
Suppose 33*v + 4 = 35*v. Calculate the greatest common factor of 11 and v.
1
Suppose 3 + 3 = -3*c, 3*m - 79 = -c. Suppose 150 = -8*j + 502. Let n = j - 26. Calculate the greatest common divisor of m and n.
9
Suppose -40 = -35*r + 33*r. What is the highest common factor of r and 20?
20
Let d(g) = g**2 - g + 2. Let j be d(2). Suppose 2*y - j = 6. Suppose 44 = 2*p - 2*s, -p + 2*p = -y*s - 2. Calculate the highest common divisor of p and 45.
9
Let v(x) = x - 5. Let p be v(6). Suppose 117*d - 108 = 90*d. What is the highest common factor of p and d?
1
Let t = 217 + -177. What is the greatest common factor of t and 384?
8
Let a be (-12)/1*(-156)/9. Calculate the highest common factor of a and 13.
13
Let o = 14 - 13. Let g(x) = x**2 + 3*x - 2. Let n be g(o). Suppose n*s - 144 = 10. Calculate the greatest common divisor of 7 and s.
7
Let l = -6 - -5. Let c(t) = -3*t - 2. Let o be c(l). Let s be o + (-39)/(6/(-2)). What is the greatest common factor of 2 and s?
2
Suppose 54 = 2*t + 7*t. Calculate the highest common factor of 48 and t.
6
Suppose -2*s - 9 = 7. Let n(i) = i**3 + 11*i**2 + 13*i + 11. Let b be n(s). What is the highest common divisor of b and 11?
11
Let q(a) = 15*a**2 + a. Let c be q(-1). Suppose 0 = 2*s + 4, c = 3*o - 2*s + s. Suppose o*r - 20 = 172. What is the greatest common divisor of 16 and r?
16
Let g(p) = -p - 7. Let l be g(-9). Suppose -3*u + l*c = -11, 0 = -0*u + 3*u - c - 13. What is the greatest common factor of u and 2?
1
Let f = 199 - -269. Calculate the highest common factor of 36 and f.
36
Suppose 0 = -c - m + 5, 71*m - 70*m = 2*c + 2. What is the greatest common factor of c and 53?
1
Suppose 2*b - 15 - 55 = 0. Let u be (105/(-12))/(-1 - (-105)/112). Calculate the greatest common factor of u and b.
35
Let o = 29 + -22. Suppose 0 = o*r + 35 + 7. Let v be (-3)/(r*1/22). Calculate the highest common divisor of 121 and v.
11
Let x = -98 - -148. Calculate the highest common divisor of 290 and x.
10
Let j = 163 + -117. Calculate the highest common divisor of j and 391.
23
Let r = 1114 + 54. What is the highest common factor of 438 and r?
146
Suppose -26*o = -5*o - 882. Calculate the highest common divisor of o and 378.
42
Let y(q) be the first derivative of -3*q**4/4 - 2*q**3/3 + 3*q**2/2 + 2*q + 91. Let c = 3 + -5. Let i be y(c). What is the greatest common divisor of 24 and i?
12
Let z = -4 - 2. Let x be 9*4*z/(-8). Suppose 6*o = 3*h + o - 42, -5*h = -2*o - 51. What is the greatest common divisor of h and x?
9
Let i be (28/42)/(10/7965). Calculate the highest common factor of 45 and i.
9
Suppose 0 = 13*t + 44 + 99. Let l be t*4/16*(-4 - 0). Calculate the highest common divisor of 154 and l.
11
Suppose 9599 + 3967 = 21*f. What is the highest common factor of 38 and f?
38
Let u(z) = 5*z - 7. Let c(h) = 3*h - 3. Let l(i) = 5*c(i) - 2*u(i). Let s be l(10). Let j = -7 + s. Calculate the highest common divisor of j and 6.
6
Let j(n) = -n**2 + 6*n + 6. Let z be j(6). Suppose 2*g + 20 = z*g. Suppose -5*r + q = -173 - 386, 0 = -g*q + 5. Calculate the highest common factor of r and 14.
14
Let l = -106 + 205. Suppose -w = x - 38 + 1, 2*x = 3*w + l. What is the greatest common factor of 105 and x?
21
Suppose 0 = -13*s + 2*s + 638. Suppose 3*q - 8 = q, 4*g = 3*q + 452. Suppose 0 = a + 3*a - g. What is the highest common divisor of a and s?
29
Let o = -2390 - -2416. Suppose -2*i = -5*m - 31, -i + 7 = 2*m - 4. Calculate the greatest common factor of o and i.
13
Suppose 0 = 4*h - 2 - 58. Suppose -k = k + 3*g - h, -10 = 2*g. Calculate the highest common factor of 75 and k.
15
Let r(x) = 9*x + 128. Let b be r(-14). What is the greatest common divisor of b and 115?
1
Let z(d) = d - 4. Let i be z(5). Let j(o) = 10*o**3 - 2*o + 1. Let c be j(i). Calculate the greatest common factor of 3 and c.
3
Let w(h) = -6*h - 18. Let z(o) = -o - 1. Let x(d) = w(d) - 2*z(d). Let m be x(-7). Calculate the greatest common divisor of 3 and m.
3
Suppose -5*y = -4*m + 56, -3*m + 5*m - 8 = 0. Let n(v) = -3*v + 2. Let d be n(y). Calculate the highest common divisor of 13 and d.
13
Let r = 300 - 278. What is the greatest common divisor of r and 2?
2
Let g = -451 - -483. What is the highest common divisor of 24 and g?
8
Suppose -168 = -8*p + 2*p. Suppose p*f - 304 = 24*f. Calculate the highest common factor of 38 and f.
38
Let y = 261 + -252. What is the greatest common factor of 81 and y?
9
Let q = -14 + 17. Suppose -3*o = 5*m + o - 209, 2*m - 102 = q*o. Calculate the greatest common factor of 30 and m.
15
Suppose 5*n + 10 = -0, -4*u - 5*n = -46. Suppose 189 = 17*l - u*l. Calculate the highest common factor of 7 and l.
7
Suppose -4*a = 5*x - 62 - 90, -5*a + 5*x = -145. What is the greatest common divisor of a and 11?
11
Let w be ((-18)/(-6)*-1)/(-1). Calculate the greatest common divisor of 15 and w.
3
Let i(h) = -h**2 - 25*h + 274. Let d be i(-33). Suppose 2*f - 105 = 75. What is the highest common divisor of d and f?
10
Suppose -159*m + 7821 = -150*m. What is the greatest common factor of 11 and m?
11
Suppose h - 10 = -c, -7 = -5*c + 18. What is the greatest common divisor of 415 and h?
5
Suppose h = -4*h - h. Suppose 11*b - 4*b - 154 = h. What is the greatest common divisor of 55 and b?
11
Let d be 0 - -229 - -1*2. Suppose -5*w = -299 + 79. Let l = w - 11. Calculate the highest common divisor of l and d.
33
Suppose 5*v + 19 - 119 = 0. Suppose 20 + 12 = 2*o. Let z be o/72 - (-1618)/9. What is the highes